factor of z and 525?
5
Let m be 1/2*1/2*0. Suppose -4*j - 628 = -5*a - m*j, 4*a + j - 515 = 0. What is the highest common divisor of 32 and a?
32
Let t be (-4)/2*(-35)/10. Suppose 0 = 3*p - 32 + 326. Let s = -49 - p. Calculate the greatest common divisor of s and t.
7
Let t(a) = -a - 12. Let x be t(-16). Let m be 97 + (x/(-5) - 126/(-45)). What is the greatest common factor of 9 and m?
9
Suppose 2*y + 229 - 267 = 0. What is the greatest common divisor of 475 and y?
19
Let b = 305 + 28. Calculate the highest common divisor of 37 and b.
37
Suppose 4*t - w = 4*w + 3, -1 = -3*t + 5*w. Let h be 4*((-22)/4)/11. Let y be (-1 - (-6 + h))*(-3 + 5). Calculate the greatest common factor of y and t.
2
Let h(r) = 16*r**2 - 30*r - 11. Let u(a) = -3*a**2 + 6*a + 2. Let y(f) = -2*h(f) - 11*u(f). Let m be y(-5). What is the greatest common factor of m and 22?
11
Let t(k) = 3*k - 2. Let s be t(2). Let h = -4 + 8. Suppose 5*f = h*f + 2. What is the greatest common factor of f and s?
2
Suppose 30 = 3*s + 4*t, 0 = s + t + t - 10. Let c be 3/(-6) - (-455)/s. What is the highest common divisor of 9 and c?
9
Let o be (-3)/(3/1280)*(-9)/6. Suppose 8*g - o = -0*g. Calculate the highest common divisor of 24 and g.
24
Let p(h) = -h**3 - 4*h**2 + 2*h - 11. Let j be p(-5). Suppose -5*q + 274 = 2*i, 0*i - 154 = -3*q + j*i. What is the highest common factor of 162 and q?
54
Let h be (-10)/(-55) + (-6)/88*-100. Suppose 3*b = 7*b - 28. Calculate the greatest common divisor of h and b.
7
Suppose 318 - 1578 = -42*q. Suppose -5*a + 6*a - 20 = 0. What is the greatest common factor of a and q?
10
Let j(u) = -u**3 - 15*u**2 - 36*u + 24. Let y be j(-12). Calculate the highest common divisor of y and 864.
24
Let c = 151 + -129. What is the greatest common factor of c and 99?
11
Suppose 33*y = -22*y + 10725. Calculate the greatest common divisor of y and 13.
13
Suppose 2*f - 176 = 268. What is the greatest common divisor of 296 and f?
74
Let g(i) = 23*i + 417. Let a be g(11). Calculate the highest common factor of a and 10.
10
Let j = -2 - -5. Suppose 7*l - j = 6*l. Suppose l*s = -s + 312. What is the highest common divisor of s and 13?
13
Let n = 119 - 106. What is the highest common divisor of n and 91?
13
Let v(i) = i**2 + 18*i - 94. Let m be v(5). Calculate the greatest common factor of m and 30.
3
Let k(h) = 26 + 5*h**2 - 11 + 10 + 8*h. Let d be k(-5). What is the highest common divisor of 20 and d?
10
Let d = 55 + -37. Let u(h) = h**2 - 2*h - 3. Let s be 6/(5/(10/(-4))). Let j be u(s). Calculate the greatest common factor of d and j.
6
Let q = 45 + -44. Let v be ((-2)/3 + q)*48. What is the greatest common factor of v and 40?
8
Let g = 31 - 22. Suppose 39*k - 1614 - 843 = 0. Calculate the greatest common divisor of k and g.
9
Let z = -98 - -157. Calculate the highest common divisor of z and 472.
59
Let u = 854 - 844. What is the greatest common factor of u and 1020?
10
Let s = -7 - -12. Suppose 0 = -7*c + 13 + 8. Suppose -4*w + 2*r + 14 = -c*w, -s*r + 35 = w. Calculate the highest common factor of 40 and w.
20
Let u be (-4)/(-10) + 94/(-10). Let i = 12 - u. Suppose 155*w = 34*w + 17787. Calculate the greatest common divisor of i and w.
21
Let a(d) = 16*d + 555. Let z be a(-32). Calculate the greatest common divisor of 2752 and z.
43
Suppose 5*d = p + 135, 0 = 4*d - p - 74 - 33. What is the highest common factor of 126 and d?
14
Suppose -51 = -12*q - 3. What is the greatest common divisor of q and 20?
4
Let f = -78 + 100. Suppose -9*c = -f*c + 78. What is the highest common divisor of 3 and c?
3
Let n be (-2 + 1)*(-1 + -10). Suppose -n*o + 418 = -594. Calculate the greatest common factor of o and 23.
23
Let q be (-2)/(-5) - 748/(-55). Suppose 4*r = -5*i - 16, 4*r = -4*i + 2 - q. Calculate the greatest common divisor of 1 and r.
1
Let s(p) = 37*p - 2. Let m = 47 + -46. Let j be s(m). Calculate the highest common divisor of 175 and j.
35
Suppose 0 = -4*b + 3*b - 2. Let d be b/9 - (-348)/108. Let a be 22*1 + (3 - d). Calculate the greatest common factor of a and 33.
11
Suppose -3*a + 3*c - 21 = -6*a, -4*a = 3*c - 25. Let d(h) = -3*h**2 + 64*h + 48. Let q be d(22). What is the highest common factor of q and a?
4
Suppose 28*z - 3304 = -0*z. What is the greatest common divisor of 1062 and z?
118
Suppose 358 + 262 = 5*u. Let f be 2*u/(-32)*-4. What is the greatest common factor of 341 and f?
31
Let s be (28/20 - 1)/((-2)/(-10)). Let f(v) = 4*v - 4. Let x be (2 + 0)*30/12. Let u be f(x). What is the greatest common factor of s and u?
2
Let k be (11 + -8)*(-10)/5 + 409. What is the highest common factor of k and 31?
31
Let r be (21/4)/(16/128). What is the highest common factor of r and 35?
7
Let g(k) = 2*k + 43 - 61 - 3*k. Let s be g(6). Let n be (33/4)/((-6)/s). Calculate the highest common factor of 11 and n.
11
Let p(d) = 3*d**2 + 38*d - 64. Let r be p(-19). Calculate the highest common divisor of 27 and r.
27
Let l(r) = -27*r - 911. Let p be l(-45). What is the greatest common factor of 208 and p?
16
Let x be 4/6 + 0 + (-158)/3. Let y be 4*(8/(-48) - x/6). What is the greatest common factor of 170 and y?
34
Suppose 3*o = 3*l - 8*l + 102, -3*l - 3*o = -66. Suppose -n = -9 - 6. Let k be -2 + n + -1*1. What is the highest common factor of l and k?
6
Suppose -30 = -0*z - 3*z - 5*b, -4*b = -4*z + 40. Suppose -4*f = 8, 3*h + 2*h + 3*f = 144. Calculate the greatest common divisor of z and h.
10
Let s be (14 - 11)/((-1)/(-78)). Suppose 4*c = -c - 10. Let o(m) = -3*m**3 + 2*m**2 + 3*m. Let d be o(c). What is the highest common divisor of d and s?
26
Let q(m) = 17*m - 22. Let d be q(8). Suppose -4*y + 2*n + d = 0, y + 72 = 3*y + 4*n. Calculate the greatest common factor of y and 105.
15
Suppose 3*n = 4*g - 468, 5*g = 5*n + 125 + 460. What is the greatest common factor of g and 65?
13
Let y be -2*(0 - (-28)/8). Let v be (-1 + y)*(-28)/16. What is the highest common divisor of 70 and v?
14
Let c be 50 + (-2)/(-4)*40/10. Suppose 0 = 4*d - 3*l - 98, -d - 2*l + 22 = -4*l. Calculate the highest common divisor of d and c.
26
Let c be 14 - (-2 - 4)/(-3). Let v be 2288/76 + 10/(-95). What is the highest common divisor of c and v?
6
Suppose 5*s + 9*n = 1493, -5*n - 1260 - 205 = -5*s. Calculate the greatest common factor of 236 and s.
59
Suppose 98 + 238 = 3*g. Let q be 1/(-5) + (-355)/(-25). Calculate the greatest common divisor of g and q.
14
Let b(t) = t**3 + 5*t**2 - 9*t - 16. Let h be b(5). Calculate the highest common factor of 1197 and h.
63
Let i be -20*(-7 + 6/3). Suppose -3*m + i = 2*m. Let h = -2391 + 2571. Calculate the greatest common factor of m and h.
20
Let x(r) = -2*r**2 - 84*r - 50. Let f be x(-41). Calculate the greatest common factor of 704 and f.
32
Suppose 2*l + 7*l - 342 = 0. Calculate the highest common divisor of 38 and l.
38
Let y be (2/1)/8 - 272/64. Let b = 29 + y. What is the greatest common factor of 10 and b?
5
Suppose 31*w = 27*w + 3596. Calculate the greatest common factor of w and 29.
29
Let o(q) = q**3 - 12*q**2 + 3*q + 11. Let f be o(12). Let k = f + -38. Calculate the highest common divisor of k and 90.
9
Suppose 0 = -2*o - 5*v - 12, -o + v = 3*v + 6. Let x be (-2225)/(-9) - (392/63 + o). Calculate the greatest common divisor of x and 19.
19
Let f = 723 + -41. Calculate the greatest common factor of f and 62.
62
Let n = 7 - 1. Let r = 123 - 122. Let s be 4 - (r + 1 + 0). Calculate the highest common factor of n and s.
2
Suppose -54 = 34*v - 40*v. What is the highest common divisor of 45 and v?
9
Let h be 29/(25/48 + 2/(-4)). What is the highest common divisor of 87 and h?
87
Suppose v - 2*x = 20, x + 8 = 7. What is the highest common factor of 531 and v?
9
Let h(o) = -4*o + 8. Let m(z) = z**2 - 3*z - 7. Let c be m(-5). Let k = 26 - c. Let a be h(k). Calculate the greatest common factor of 288 and a.
36
Let f(d) = -8*d. Let l = 0 + -3. Let x be f(l). Suppose 4*p = -g + 4, -34 = -5*g - p + x. What is the highest common divisor of 8 and g?
4
Let p be 12/(-9)*(-3 - 2 - -2). Suppose 0 = 3*m - 2*z - 123 - 10, p*m = -z + 181. What is the highest common factor of 5 and m?
5
Suppose -2*b = -5*h + 218, 4*h - 18*b = -21*b + 156. Calculate the greatest common factor of h and 518.
14
Suppose 2*g = 4*i - 0*i + 268, -3*g + 427 = -i. Calculate the greatest common divisor of g and